 b(v) = -v**3 - 2*v**2 - 2*v - 3. Let d be b(-2). Let i(t) = 0 - 2*t - 2 - d + t**2. What are the prime factors of i(-2)?
5
Suppose 4*t - 52 = -k, -3*t + 2*k + 40 = 3*k. List the prime factors of 99/4 - 9/t.
2, 3
Let x be ((-4)/2)/(8/(-20)). Suppose 3*t + x*a - 49 = -0*t, -5*t + 5*a + 15 = 0. List the prime factors of t.
2
Let c(s) = 4*s - 7. Let z be c(3). Let o = -39 - -62. Suppose -12 - o = -z*q. List the prime factors of q.
7
Let y(m) = -8*m + 1. Suppose -4*t = -17 - 11. Suppose -3*g = -t*g - 4. List the prime factors of y(g).
3
Let z be (-4)/(-6) + 4/(-6). Let v = -8 - -12. Suppose -3*s + 5*i = -13, z*s + v*i - 10 = -s. What are the prime factors of s?
2, 3
Let t(j) = j**2 + 4*j + 6. List the prime factors of t(5).
3, 17
Suppose 5*d - 6 = -0*a - a, -5*a - 26 = -3*d. Suppose 23 = d*q + 3. What are the prime factors of q?
2, 5
Let w(z) be the first derivative of -1 + 1/2*z**2 + 5*z. List the prime factors of w(6).
11
Let f(p) = -p**2 + 10*p + 8. Let s(x) = -x**3 + 9. Suppose -3*w - 5*n - 15 = 0, -6*w + 4*w + 3*n = -9. Let m be s(w). What are the prime factors of f(m)?
17
List the prime factors of (0 + -4)/((-4)/2).
2
Suppose -5*i = 4*u + 10 + 4, 5*i + u = -11. List the prime factors of (i - 2)*12/(-3).
2
Let y(x) = x**2 + 5*x + 2. Let h be y(-5). Suppose -3*z + 17 = -2*g - 1, -z + h*g = -10. What are the prime factors of z?
2
What are the prime factors of ((-50)/2)/(2/(-4))?
2, 5
Suppose 4*t + 6*l = l - 375, 105 = -t - 5*l. What are the prime factors of ((-28)/3)/(20/t)?
2, 3, 7
Let x be (-1 + -1 - -4)*2. Suppose -x*i - 83 = 245. List the prime factors of (-1)/(-3) - i/6.
2, 7
Suppose -4*s + p + 116 = 0, 4*s + 76 = 5*p + 208. List the prime factors of s.
2, 7
Let i = -5 - -5. Let v = 0 - i. Suppose -3*a + 33 - 6 = v. List the prime factors of a.
3
Suppose 257 = 4*b + d, 4*b - 3*d - 262 = -5*d. List the prime factors of b.
3, 7
Let n(q) = -2*q + 1. Let t be n(-1). Let r be (-2)/t - 34/(-6). Suppose -p - 4*x + x + 20 = 0, r*p = 3*x + 46. List the prime factors of p.
11
Suppose -6*p + 5*p + 4*s + 109 = 0, -5*s = 10. What are the prime factors of p?
101
Let k(c) = -c**3 + 2*c**2 + c + 3. Let m be k(3). List the prime factors of m/15 + 71/5.
2, 7
Suppose 2 = -s, -3*w = -3*s + 5*s - 38. What are the prime factors of w?
2, 7
Let a = 0 - 0. Suppose -2*b = -3*i + 47, 3*i + i - b - 61 = 0. Suppose 4*m - 5*s = -a*m + i, -s - 45 = -5*m. What are the prime factors of m?
2, 5
Suppose 7*x - 3*h - 613 = 2*x, x - h = 121. List the prime factors of x.
5
Let s = 21 + -5. Let b(x) = x + 9. Let j be b(-5). List the prime factors of (s/6)/j*18.
2, 3
Let o = -72 + 165. List the prime factors of o.
3, 31
Let q(x) = -x**3 + 4*x**2 + 5*x + 1. Let t be q(5). Let c(b) be the second derivative of b**4/4 - b**3/6 - 8*b. List the prime factors of c(t).
2
Suppose -5 = -2*r + 9. Suppose 20 = 3*f - r. List the prime factors of f.
3
Suppose d - 7 = 37. What are the prime factors of d?
2, 11
Let v be (7 - 7) + (0 - -3). What are the prime factors of 15 - (-2 + v/3)?
2
Suppose 0*a - 33 = -3*a. List the prime factors of a.
11
Suppose -3*r - 191 = -8*r - 3*c, 28 = r + 4*c. Let v = 67 - r. List the prime factors of v.
3
Let v be ((-10)/4)/((-1)/2). Suppose v*b + 4*c - 31 = 0, 2*b + 2*c - 17 = 5*c. What are the prime factors of b?
7
Let z(q) = -4*q - 3. Let p be -9*(3 - 14/6). List the prime factors of z(p).
3, 7
Suppose -5*w = -2*n + 199, -3*n + 2*w + 296 = 14. List the prime factors of n.
2, 23
Let p(h) = 133*h**2 - 4*h + 4. List the prime factors of p(1).
7, 19
Let p be (-2 + 4)/(5/10). Suppose -p = 2*j - 62. List the prime factors of j.
29
Let o(r) = 5*r + 4. Suppose 0 = -5*y + g - 20, y - 22 = -g - 4*g. Let d be o(y). What are the prime factors of (-1)/(-2) + d/(-2)?
2, 3
Let r(v) = 114*v - 3. List the prime factors of r(2).
3, 5
Let h be 2*1/(-2)*-5. Suppose 2*v = 3*z + 36, -v + 6*v - 95 = h*z. What are the prime factors of v?
3, 7
Suppose 2*y - 3*t - 200 = 178, 3*t = -12. List the prime factors of y.
3, 61
Suppose -4*b = 4*n + 36, b - 3*n = -b - 38. Let s = b - -18. What are the prime factors of s?
5
List the prime factors of 34/(-1)*(-3 - -2).
2, 17
Let x = 6 + -4. Suppose 0 = -x*o + 9 - 3. List the prime factors of o.
3
Let k be (6/(-4))/((-2)/4). Suppose j - k = -1. What are the prime factors of j?
2
Suppose 0 = 3*o - 5*b - 145, o + 3*b + 208 = 5*o. List the prime factors of o.
5, 11
Let f = 45 + -86. Let v = f + 59. List the prime factors of v.
2, 3
Let g = 5 + -3. Let w(d) = 2*d**2 - 8*d + 0*d - 7 - 3*d**g. What are the prime factors of w(-5)?
2
Let r(t) = t**3 - 2*t**2 - 17*t + 1. What are the prime factors of r(7)?
127
Suppose 5*x + 58 = 183. Suppose 8*l + x = 3*l. List the prime factors of (3/(-5) - 1)*l.
2
Suppose -p = -f + 5 - 55, 0 = -2*f + 2. Let w = -23 + p. What are the prime factors of 8/w + 164/14?
2, 3
Let v be 23/3 + 4/12. Suppose h + 4*t + v = -8, -5*t - 20 = 3*h. What are the prime factors of (9 - (h - 2)) + 1?
2, 3
Suppose 2*l = -5*c + 5*l + 138, 116 = 4*c - l. What are the prime factors of c?
2, 3, 5
Let i be (-8)/6*63/6. What are the prime factors of (3 + -4)/(2/i)?
7
Let r(h) = -h**2 + 10*h - 14. List the prime factors of r(7).
7
Let k(i) = -6*i + 5*i - 2 - 1. Let m be k(-5). Suppose 4*n - m = 3*n. List the prime factors of n.
2
Let a(q) = -q**2 - 6*q - 6. Let h be a(-4). Let u(l) = l - 7. Let f be u(7). Let r = h + f. What are the prime factors of r?
2
Let a = 1200 + -834. What are the prime factors of a?
2, 3, 61
List the prime factors of 663/15 + 5/(-25).
2, 11
Suppose 5*t + 3*z - 835 = 0, -2*t + 282 + 52 = -5*z. List the prime factors of t.
167
What are the prime factors of (10/15)/(2/9) - -128?
131
Let v(h) = -h**2 - 7 + 2 + 2*h**2 + 7*h. Suppose 0 = 3*q - 0 + 24. What are the prime factors of v(q)?
3
Let s(o) = o**3 - 2*o**2 - 2*o. Let j be s(3). Suppose -p = -j*p + 30. List the prime factors of p.
3, 5
Let n(q) = q + 13. What are the prime factors of n(6)?
19
Suppose 3*n - 198 = -x - 25, -2*n - 153 = -x. What are the prime factors of x?
7, 23
Let u(g) be the first derivative of g**5/60 - g**4/6 - 4*g**3/3 - g**2 - 3. Let x(l) be the second derivative of u(l). What are the prime factors of x(6)?
2
Let p(d) = d**3 + 6*d**2 + 4*d - 1. What are the prime factors of p(-4)?
3, 5
Suppose 0*i + m = -i + 1, 4*m = i - 16. Suppose 5*k = k + 84. Suppose i*l - 19 - k = 0. List the prime factors of l.
2, 5
Let s(o) = -2*o**3 - o + 1. Let g be s(1). Let u = g - -4. Suppose v - 5 - u = 0. List the prime factors of v.
7
Suppose 200 = 7*i - 1305. List the prime factors of i.
5, 43
Let z = 12 + -17. What are the prime factors of 6/10 - 97/z?
2, 5
Let l(i) = -2*i**3 - 2*i - 1. Suppose 5*z - 20 = -5*p, 5*z - p = -0*p - 10. List the prime factors of l(z).
3
Suppose -3*p - 5 = 5*y, 4*y + 3*p + 9 = 2. Let v be -2 - ((4 - y) + -4). Suppose v*m + m = 4, 14 = a + 2*m. List the prime factors of a.
2, 3
Let s = -34 - -60. What are the prime factors of s?
2, 13
Let z be (-2)/4 - (-20)/8. Let r(w) = 1 + w**3 + w**2 + 3 + w - 2 - 8*w**z. What are the prime factors of r(7)?
3
Let k(l) = -2*l - 1. Let r be (-8)/6 - (-4)/(-6). Let i be k(r). What are the prime factors of i/6*26 + 0?
13
Suppose p - 3*p + 28 = 4*b, 0 = 5*b - 4*p - 35. Let z(s) = s**3 - 8*s**2 + 5*s + 8. Let w be z(b). List the prime factors of w*2/(2*-1).
2, 3
Let k = -8 + 29. Suppose -t - 3 = -k. What are the prime factors of t?
2, 3
List the prime factors of ((-2)/2)/(((-4)/(-470))/(-2)).
5, 47
Suppose 3*q = -2*r + 21, 4*q - q = 5*r. Suppose -2*g + 39 = r*m, -3*m - 4*g = -3*g - 42. List the prime factors of m.
3, 5
Suppose 4*a + 64 = -8. Let p = 27 + a. What are the prime factors of p/(2 + 9/(-6))?
2, 3
Let c(s) = -s**2 - 8*s - 2. Let p be c(-6). Let k(o) = o + 0 + 5 + 3. List the prime factors of k(p).
2, 3
Let z = -1 + 5. Suppose -2*t + 12 = 3*w - 0*t, 5*t = w - z. Suppose 3*j = 4*j - 2*q - 16, w*j = -5*q + 25. List the prime factors of j.
2, 5
Let a = -8 + 7. Let n be (a + 1*-3)/(-2). Suppose -4*u - 2*f = -24, 2*f + n = 6. List the prime factors of u.
5
Let v = 15 - 7. Suppose i + 5 = -0, -5*i - 19 = 3*f. Let x = v + f. What are the prime factors of x?
2, 5
What are the prime factors of 2 + (-9)/(45/(-1160))?
2, 3, 13
Let a be (-1)/((6/(-8))/3). Suppose -2*b = -4, -y + a*b - 4 = -9. What are the prime f